te number?
True
Is 107069 a composite number?
False
Is 951 a prime number?
False
Is 16423 composite?
True
Is 59333 composite?
False
Is 79967 composite?
False
Is 2729 a composite number?
False
Is 131983 composite?
True
Is 41929 a prime number?
False
Is 300623 a composite number?
False
Is 75265 a prime number?
False
Is 2291691 composite?
True
Is 2309 prime?
True
Is 95527 a prime number?
True
Is 144038 composite?
True
Is 98493 prime?
False
Is 2963 a composite number?
False
Is 24937 composite?
True
Is 1505563 prime?
True
Is 3779 prime?
True
Is 6051 a composite number?
True
Is 618257 a prime number?
True
Is 9511 composite?
False
Is 87931 a composite number?
False
Is 5615 prime?
False
Is 1980713 prime?
False
Is 3299 prime?
True
Is 43777 a prime number?
True
Is 1369169 prime?
True
Is 13591 a composite number?
False
Is 2701789 prime?
True
Is 8661 prime?
False
Is 6779 prime?
True
Is 5489 composite?
True
Is 338851 a composite number?
False
Is 3391 prime?
True
Is 5069 a composite number?
True
Is 14005 composite?
True
Is 1199039 prime?
True
Is 905 composite?
True
Is 11051 composite?
True
Is 181282 prime?
False
Is 89189 prime?
True
Is 97007 a composite number?
False
Is 52135 a prime number?
False
Is 499 composite?
False
Is 56831 a prime number?
False
Is 19717 prime?
True
Is 307 composite?
False
Is 29567 prime?
True
Is 480793 prime?
False
Is 120539 composite?
False
Is 19067 prime?
False
Is 2899 composite?
True
Is 1656427 composite?
False
Is 333017 prime?
False
Is 33513 composite?
True
Is 349753 a prime number?
True
Is 349331 composite?
False
Is 173357 composite?
False
Is 240169 a composite number?
False
Is 47914 a prime number?
False
Is 291211 prime?
False
Is 44617 a prime number?
True
Is 14243 composite?
False
Is 37397 prime?
True
Is 17213 composite?
True
Is 301 composite?
True
Is 65749 a composite number?
True
Is 13771 a composite number?
True
Is 123313 prime?
False
Is 731587 prime?
True
Is 2445713 composite?
False
Is 23683 a composite number?
True
Is 6349 composite?
True
Is 1028189 composite?
False
Is 361943 a prime number?
True
Is 33185 a composite number?
True
Is 506351 composite?
False
Is 16729 a prime number?
True
Is 789335 a prime number?
False
Is 78466 prime?
False
Is 8353 composite?
False
Is 1355362 prime?
False
Is 1671 a composite number?
True
Is 17767 a prime number?
False
Is 37039 prime?
True
Is 562787 a prime number?
False
Is 2963 prime?
True
Is 13997 prime?
True
Is 9046 a composite number?
True
Is 158843 a prime number?
True
Is 61751 composite?
False
Is 16333 a prime number?
True
Is 293 composite?
False
Is 790363 a composite number?
True
Is 61339 composite?
False
Is 13241 a composite number?
False
Is 837007 a composite number?
True
Is 801523 a prime number?
False
Is 24317 a composite number?
False
Is 130553 a prime number?
True
Is 12007 a prime number?
True
Is 99741 a prime number?
False
Is 796703 a composite number?
True
Is 180589 composite?
True
Is 217361 composite?
False
Is 6081 prime?
False
Is 398609 a prime number?
True
Is 371353 composite?
False
Is 9329 composite?
True
Is 169343 prime?
True
Is 87573 a prime number?
False
Is 1179839 a prime number?
True
Is 6716153 composite?
False
Is 638923 a composite number?
False
Is 214841 a prime number?
False
Is 1468201 prime?
False
Is 26209 a composite number?
False
Is 32707 a prime number?
True
Is 14879 a prime number?
True
Is 103 a composite number?
False
Is 1753 composite?
False
Is 33563 composite?
False
Is 3527023 a prime number?
True
Is 82189 prime?
True
Is 502409 composite?
False
Is 10129 a prime number?
False
Is 1151 a prime number?
True
Is 2710623 a composite number?
True
Is 11243 prime?
True
Is 7393 a composite number?
False
Is 422917 composite?
True
Is 1023551 a prime number?
True
Is 2243693 composite?
False
Is 355361 prime?
True
Is 37081 a composite number?
True
Is 17621 composite?
True
Is 159539 prime?
True
Is 7113 a prime number?
False
Is 2183 composite?
True
Is 23269 a composite number?
False
Is 231131 a prime number?
True
Is 13043 prime?
True
Is 14827 a composite number?
False
Is 10447 a prime number?
False
Is 29717 a prime number?
True
Is 376967 composite?
True
Is 260933 a prime number?
False
Is 6779 composite?
False
Is 3833 composite?
False
Is 36293 a prime number?
True
Is 8461 composite?
False
Is 13927 a composite number?
True
Is 199619 prime?
False
Is 28759 a prime number?
True
Is 3907 composite?
False
Is 749545 composite?
True
Is 437263 prime?
True
Is 20477 a prime number?
True
Is 45943 a prime number?
True
Is 22853 a prime number?
True
Is 561169 composite?
True
Is 1181 composite?
False
Is 326006 a prime number?
False
Is 23979 composite?
True
Is 106391 prime?
True
Is 11243 a prime number?
True
Is 127378 prime?
False
Is 217663 prime?
False
Is 48563 a composite number?
False
Is 574021 a prime number?
False
Is 2632759 a composite number?
False
Is 21361 a composite number?
True
Is 232937 composite?
False
Is 32194 a composite number?
True
Is 1707 a composite number?
True
Is 4177 composite?
False
Is 28879 composite?
False
Is 12143 prime?
True
Is 26033 composite?
True
Is 43753 prime?
True
Is 30419 a composite number?
True
Is 33107 prime?
True
Is 38509 composite?
True
Is 141301 a composite number?
False
Is 50359 a prime number?
True
Is 62 composite?
True
Is 172589 composite?
False
Is 117049 composite?
True
Is 661286 a prime number?
False
Is 51179 composite?
True
Is 23089 prime?
False
Is 35789 prime?
False
Is 67495 a prime number?
False
Is 26905 composite?
True
Is 10577 a prime number?
False
Is 32903 a composite number?
True
Is 445 prime?
False
Is 121913 prime?
False
Is 550363 composite?
True
Is 1177 a prime number?
False
Is 17723 prime?
False
Is 49255 prime?
False
Is 100043 a composite number?
False
Is 774667 a composite number?
False
Is 5623 a prime number?
True
Is 5971 a prime number?
False
Is 21921 a composite number?
True
Is 2633 prime?
True
Is 275699 composite?
False
Is 11081 a composite number?
True
Is 9599 composite?
True
Is 2588519 composite?
True
Is 3571 prime?
True
Is 86069 a composite number?
False
Is 294326 prime?
False
Is 18539 composite?
False
Is 10977 a prime number?
False
Is 807 a composite number?
True
Is 540629 composite?
False
Is 19853 composite?
False
Is 679 a prime number?
False
Is 118447 prime?
False
Is 12991 composite?
True
Is 337669 composite?
False
Is 8777 composite?
True
Is 4727 a prime number?
False
Is 589993 composite?
False
Is 14786 composite?
True
Is 29629 a prime number?
True
Is 3831 a composite number?
True
Is 1067 prime?
False
Is 4282 prime?
False
Is 1146111 composite?
True
Is 155567 prime?
False
Is 187027 a composite number?
False
Is 54631 prime?
True
Is 4083 a composite number?
True
Is 15019 composite?
True
Is 621083 composite?
False
Is 20177 a composite number?
False
Is 1234687 prime?
True
Is 154487 prime?
True
Is 19921 prime?
False
Is 18065 a composite number?
True
Is 260669 a composite number?
True
Is 201281 a composite number?
False
Is 258211 prime?
True
Is 715289 composite?
False
Is 94291 composite?
False
Is 9914 a composite number?
True
Is 8803 a prime number?
True
Is 1283591 composite?
False
Is 93221 a composite number?
True
Is 367357 composite?
False
Is 166651 a composite number?
True
Is 498643 a prime number?
True
Is 86131 composite?
False
Is 376345 a composite number?
True
Is 8637 a prime number?
False
Is 498473 composite?
True
Is 25699 composite?
True
Is 4315 a prime number?
False
Is 372181 a composite number?
True
Is 2131117 a composite number?
True
Is 8539 prime?
True
Is 1147 a composite number?
True
Is 14189 a prime number?
False
Is 8063 a prime number?
False
Is 5191 composite?
True
Is 137437 composite?
False
Is 1369 a composite number?
True
Is 32845 prime?
False
Is 2804053 prime?
False
Is 747407 composite?
False
Is 2657 a composite number?
False
Is 444874 prime?
False
Is 962303 a prime number?
True
Is 25559 composite?
True
Is 5993939 a composite number?
True
Is 27169 composite?
True
Is 5489 a prime number?
False
Is 407603 a composite number?
True
Is 7817 prime?
True
Is 9987 prime?
False
Is 226357 a prime number?
True
Is 170999 prime?
False
Is 1071131 a prime number?
True
Is 27926 a prime number?
False
Is 39581 composite?
False
Is 25383 composite?
True
Is 29123 prime?
True
Is 1253 a composite number?
True
Is 5129 composite?
True
Is 2